lculate the highest common factor of 6 and m.
3
Suppose 0 = 160*j - 135*j - 150. What is the greatest common divisor of j and 1731?
3
Let j = -17 - -13. Let v be 128/28 - j/(-7). Let l be -5 - -33*(-3 + v). Calculate the highest common divisor of 70 and l.
14
Let h be -47*1*(-7 + 16 + -6). Let a = 1491 + h. What is the highest common factor of a and 15?
15
Suppose 0 = 5*g + 2*i - 368, 3*g - 2*i - 224 = -0*g. Suppose 3*j = -4*w + 44, -w + j + g = 4*w. What is the greatest common divisor of 21 and w?
7
Let m = 5 + 12. Suppose 0 = -3*s + 3*w + 294, -5*s + 4*w = 48 - 534. Suppose 3*u - 655 + s = 0. What is the highest common divisor of m and u?
17
Suppose 0 = 3*h + 20 - 35. Suppose -8*j = -5*c - h*j + 847, -3*c + 509 = -j. What is the highest common divisor of c and 10?
10
Suppose -87*i + 168980 + 164056 = 0. What is the highest common factor of i and 1056?
132
Suppose 0 = 2*m - v + 11, m + 3*v = -34 + 11. Let d(j) = -3*j + 75. Let p be d(m). Calculate the highest common factor of 11 and p.
11
Let z(h) = 3*h**2 - 2*h - 1. Let g be z(2). Let p(b) = -1 - 6*b - 14*b - 10*b - 6*b. Let q be p(-1). What is the greatest common divisor of g and q?
7
Let q be (8 + -9)*2 + 9. Let u(h) = 7*h - 4. Let w be u(4). Suppose w = -4*v + 32. Calculate the highest common divisor of q and v.
1
Suppose 2*p + 538 - 105 = 5*h, 4*p = -4*h + 352. Let a = 104 - h. What is the highest common divisor of 17 and a?
17
Suppose 4*c = 5*n - 11176, -227*c + 232*c = -4*n + 8908. What is the highest common factor of n and 72?
72
Let a(t) = -904*t + 218. Let s be a(-1). What is the highest common factor of s and 132?
66
Suppose 0 = -5*u - 3*v - v + 916, -3*v + 192 = u. What is the highest common divisor of u and 3060?
180
Let w be (1 - -7)/(32/24). Let q(r) = -r**2 + 24*r - 79. Let u be q(w). Let c be 0 - (638/(-1))/2. What is the highest common factor of c and u?
29
Suppose -2*o = 22*o - 312. Suppose 3*d + 96 = 2*r + d, -4*r - 3*d = -220. What is the greatest common factor of r and o?
13
Let p(b) = -3*b - 143. Let q be p(-49). Suppose -5*m = -8*m - 6, -292 = -q*s - 4*m. Calculate the greatest common divisor of s and 105.
15
Let k be (1*(-48)/15)/(((-468)/(-120))/(-39)). Calculate the greatest common divisor of k and 47.
1
Let j = -20 + 44. Let t be (832/(-91))/((-12)/126). Calculate the highest common factor of t and j.
24
Let q(c) = -7*c + 105. Let s be q(11). Suppose 2*t - 649 = -k, -t + 38*k - 41*k + 337 = 0. Calculate the highest common divisor of s and t.
14
Let g be ((-29)/(-4))/(5/100). Let c = -35 - -37. Suppose -3*b = c*b - 290. Calculate the greatest common divisor of g and b.
29
Suppose -8*k + 7*k + 44 = 0. Suppose -2*x + 6*x - d = 132, 2*d + 132 = 4*x. Calculate the greatest common divisor of x and k.
11
Suppose -47 = 5*o + 8. Let f(u) = -u**3 - 13*u**2 - 28*u - 15. Let d be f(o). What is the greatest common factor of d and 68?
17
Suppose -782 = -3*y + 5*i + 350, 5*y - 3*i - 1844 = 0. Suppose -2*u + 62 = 6. What is the greatest common factor of u and y?
28
Suppose c - 5*p - 20 = 0, -78*p + 81*p - 1 = -2*c. What is the highest common factor of c and 2605?
5
Let w(k) = -k**2 + 153*k - 637. Let r be w(84). What is the highest common factor of r and 77?
77
Let n be (-7)/((-35)/450) - 10. Calculate the greatest common factor of n and 3056.
16
Let d = 6 + 4. Let k = -34 + 106. Let b = k + -42. What is the greatest common factor of b and d?
10
Let p = 6299 + -4643. What is the greatest common factor of p and 162?
18
Suppose 0 = -7*c + 806 + 11193 + 14895. Calculate the highest common divisor of 34 and c.
34
Suppose -13*w = -12*w - 3*o + 12, 4*w + 4*o + 64 = 0. Let a be ((1 - -1) + -1)/(w/(-150)). What is the greatest common divisor of 610 and a?
10
Let y(t) = -t**3 + 3*t**2 + t + 3. Let i be y(-3). Suppose -5*m = -5*b - 60, -5*m + 5*b + i = 2*b. What is the highest common divisor of m and 99?
9
Suppose 35287*l = 35274*l + 130. Calculate the greatest common factor of l and 32.
2
Let v be 1176/(-196) + (431 - 1) + (1 - 1). What is the greatest common divisor of 1643 and v?
53
Let u(w) = -20*w + 8*w**2 - 19*w + 46*w - 18*w - 32. Let f be u(-4). What is the greatest common factor of 56 and f?
28
Let o = -34 + 90. Suppose 0 = 2*q + 6, 0*z = 2*z - q - 73. Suppose -5*f = -10*f + z. Calculate the highest common divisor of o and f.
7
Let v = -65 + 67. Suppose 4*h + 8 = 2*t - 0*h, -4*t = -v*h - 34. Calculate the greatest common divisor of 170 and t.
10
Let s = -4033 - -4055. What is the greatest common divisor of s and 22?
22
Let d(z) = -125*z + 1250. Let s be d(8). What is the greatest common factor of 780 and s?
10
Suppose -217*s + 71*s + 2405 = 507. Suppose 0*d + d = 52. What is the highest common factor of s and d?
13
Let h be (0/(-15))/(3 - -2). Suppose 99 - 16 = 3*c - 5*m, c + 2*m - 24 = h. Calculate the highest common divisor of c and 16.
2
Let x(k) = k**3 + 7*k**2 - 14*k - 28. Suppose 373 = -32*y + 117. Let a be x(y). What is the highest common factor of a and 630?
10
Let b be 20/(-14) - 39/(-91). Let s be b/(-5) - ((-37290)/(-50))/(-11). Calculate the greatest common factor of s and 20.
4
Suppose 2*r - 4*v - 172 = 0, 5*r = 1365*v - 1360*v + 400. What is the greatest common factor of r and 3589?
37
Let h be 96/112*7*1. Suppose -8*p = -6*p - h. Let c be 16/((-3168)/(-558)) + 4/22. Calculate the greatest common divisor of p and c.
3
Suppose 81*r - 78*r + 10393 = 2*y, -4*r - 36 = 0. What is the greatest common divisor of y and 71?
71
Suppose 214*m - 162562 + 22752 = -196*m. Let w be (27 - -1) + (-33)/(-11). What is the highest common divisor of m and w?
31
Let i = 12 + -11. Let z be 370/(-70) + 5 + 500/(-14). Let w(t) = 3*t + 109. Let q be w(z). What is the greatest common factor of i and q?
1
Suppose -2*z = -38 - 2. Let v be 20*3*15/z. Calculate the greatest common divisor of v and 120.
15
Let u be 1/3*(-9 + 9) - -4. Suppose -n - a + u = 2*a, 4*a = -16. What is the greatest common factor of 104 and n?
8
Suppose 2*j = -7*j + 54. Let s(f) = -f**3 - 4*f**2 + 5*f. Let y be s(-5). Suppose 504 = j*b - y*b. Calculate the greatest common factor of 56 and b.
28
Let d(c) = -5*c**2 - 2*c - 10. Let n be d(-8). Let i = -181 - n. Calculate the greatest common factor of 35 and i.
7
Suppose -180 = 8*y - 13*y. Let k = y - -4. Suppose -7*j = 4*g - 2*j - 825, 0 = -2*g - 5*j + 425. Calculate the highest common factor of k and g.
40
Let w = -2054 - -2075. Let o(f) = f**3 - f + 105. Let k be o(0). Calculate the highest common factor of w and k.
21
Let o be (-5*13 + 4)/(-1). Suppose g - o - 215 = -2*r, g - 2*r - 284 = 0. Suppose 0 = -0*q - 4*q + g. What is the highest common factor of 10 and q?
10
Let o(w) = 9*w - 81. Let a be o(-6). Let g = 191 + a. Calculate the greatest common divisor of g and 8.
8
Let x = 27 - 8. Suppose -2*v + 1122 = -2*a, -2*a - 475 = v - 1006. Calculate the greatest common divisor of x and v.
19
Let m be 62 + 0 + 2*2. Let g = 2 + m. Calculate the greatest common factor of g and 17.
17
Suppose 0 = -7*s - 5*t - 27 + 138, -5*s - 3*t = -81. What is the highest common divisor of 225 and s?
9
Let i be 317/15 + 650/(-4875). Calculate the highest common factor of i and 700.
7
Let m be 0 + (-711 - 4)*(1 + -2). Let x = 1880 + -1750. Calculate the highest common factor of x and m.
65
Suppose 2*m - 81 = 39. Let a = m + -1. Suppose 2*d - 19 - a = 0. Calculate the greatest common divisor of 195 and d.
39
Suppose 0 = -8*n + 7*n + 135. Let m be n/(3 + -6)*4/(-3). What is the greatest common factor of 90 and m?
30
Suppose -154*m + 8129 - 786 = -7441. What is the greatest common divisor of m and 608?
32
Suppose 485*k = 471*k + 14. What is the highest common factor of k and 605?
1
Suppose -y - 5 = 4*y, 3*n = -4*y + 1169. Suppose -5*i + 114 = -n. Let h = i - 83. Calculate the highest common factor of h and 18.
18
Let x = -14 - -26. Let s be (-6)/4*(-5152)/42. Let v = s + -166. Calculate the highest common factor of x and v.
6
Let s be (7/(-28))/((-9)/(-30) - 182229/607380). What is the highest common factor of 382 and s?
191
Let d be (-21)/(-27) - (-8)/36. Let a be d*(3 + 329) - (-5 + 8). Calculate the highest common factor of 47 and a.
47
Suppose 123 - 523 = -5*g. Let x be (-4)/22 + (11065/55 - -13). Suppose 20*p + x = 854. Calculate the highest common divisor of p and g.
16
Let y(r) = 23*r. Let